Determine z(b).
-7
Let k(z) = -z**3 - 4*z**2 - 4*z - 3. Suppose 0 = -9*h + 7976 - 137. Let x = -873 + h. What is k(x)?
-3
Let m(w) be the third derivative of 1/2*w**4 + 0*w - 39*w**2 + 11/6*w**3 + 1/60*w**5 + 0. Give m(-11).
0
Suppose -5*g = -r - 2*g - 2, -5*g = 5*r - 50. Let z(i) = 6*i**3 - 6*i**2 + 6*i**3 - 11*i**3 - 7 + 5 - r*i. What is z(7)?
-2
Let x(y) = 2*y**3 + 43*y**2 - 23*y - 19. Let r be x(-22). Let n(h) = 2*h + 0*h - 8*h**2 + 16*h**2 + r. What is n(-2)?
31
Suppose -8*z + 6*z - 21 = -3*s, 3 = 4*z + 3*s. Let h(q) = 6*q - 9. What is h(z)?
-27
Let a(o) = -2*o**2 - 47*o - 166. Let j be a(-19). Suppose -m = m - 8. Let y(r) = m*r - 3*r - 3*r + 0*r. Give y(j).
-10
Suppose 0*f + 4*f = -8. Let b(g) be the first derivative of -g**4/4 - g**3 + g + 10. Determine b(f).
-3
Let r(p) = 191*p**2 + 16*p + 99. Let i(t) = -159*t**2 - 15*t - 97. Let z(s) = -6*i(s) - 5*r(s). Determine z(16).
-9
Let f(x) = x**3 + 3*x**2 - 18*x - 2. Let w be f(-6). Let a(s) = -s**3 + 5*s**2 + 4*s. Let d(n) = 4*n**2 + 3*n. Let b(t) = 2*a(t) - 3*d(t). What is b(w)?
10
Let w(n) = 4*n + 2. Let a(d) = 3*d**2 + 14*d + 21. Let c be a(-8). Suppose -15*z - c - 4 = 0. Give w(z).
-26
Let c(i) = -3*i. Let l(h) = -9*h + 85. Let s(v) = -5*c(v) + l(v). What is s(-16)?
-11
Let w(o) = -o**3 - 9*o**2 + 8*o - 3. Let b(x) = -x**3 - 14*x**2 - 33*x + 5. Let l be b(-11). Let f be (-2 + -2)*105/84 - l. Calculate w(f).
17
Let l(i) be the third derivative of i**4/24 + 783*i**2. What is l(-2)?
-2
Let t(x) be the third derivative of -x**4/12 + x**3/6 + 8*x**2 + 7. Let y(w) = -16*w - 4. Let p(b) = 14*t(b) - 2*y(b). Determine p(-7).
-6
Let d(h) be the second derivative of h**3/2 - 2*h**2 + 2309*h. Calculate d(15).
41
Let r(w) be the third derivative of -w**5/10 + 5*w**4/24 + 11*w**3/6 + 57*w**2. Let n(l) = -7*l**2 + 5*l + 12. Let d(j) = -5*n(j) + 6*r(j). Determine d(6).
0
Let m(j) be the third derivative of -j**4/3 + 21*j**3/2 - 1648*j**2. Determine m(8).
-1
Let k(m) = -m - 9. Let l(z) = z**3 - 12*z**2 - 2*z + 30. Let j(o) = o**2 + 1. Let y(r) = 3*j(r) + l(r). Let p be y(9). Suppose -p*q = -14*q + 4. Calculate k(q).
-5
Let u = 8 - -32. Suppose 3*t - 5*g + 19 = 0, -5*t + g - u = -1. Let s(y) = 3*y - 1 - 5*y + 8 - 3*y - y**2. Determine s(t).
-17
Let i be (-14)/(-11)*1001/1092. Let o(n) be the third derivative of -7/24*n**4 + 0*n + i*n**3 - 1/60*n**5 + 7*n**2 + 0. Give o(-8).
-1
Let n(w) = -w - 6. Let f = 238 - 246. Let r be 0 + 20/f*2 + -5. What is n(r)?
4
Let f(j) = -102*j**3 + 16*j**2 - 101*j**3 + 410*j**3 + 2*j - 103*j**3 - 18 - 106*j**3. What is f(8)?
-2
Let c(t) = -1254 - 1250 + t + 2501 - 3*t - 2*t. Let m be 6*(-6)/(-8)*-2. Give c(m).
33
Let g = -2355 - -2369. Let m(c) = -c**2 + 14*c + 1. What is m(g)?
1
Let t(y) = 7*y - 1. Let o(c) = 1. Let b(j) = 2*o(j) + t(j). Let u = 274 - 278. Calculate b(u).
-27
Let b(v) = -v**2 - 31*v - 106. Let s be b(-27). Let p(y) = 9*y**s + 56 - y - 56 - 57*y**3 + 56*y**3. Give p(9).
-9
Let v(h) = h - 13. Let y = -211 - -189. Let m be ((-496)/10)/(-4) - y/(-55). What is v(m)?
-1
Let m(w) = w**3 + 5*w**2 + 4*w - 2. Suppose -5*l - 1590 = 5*q, 9*q - 13*q - 1236 = -5*l. Let k = q + 310. Give m(k).
-2
Let l(t) = -7*t. Let s(a) be the first derivative of 3*a**2/2 - 303. Let q(j) = j + 2. Let h be q(-4). Let r(n) = h*l(n) - 5*s(n). Calculate r(-2).
2
Let n(u) = -u**3 - 4*u**2 + 8*u + 6. Let g(r) = -2*r + 50. Let a(o) = -5. Let v(p) = 35*a(p) + 5*g(p). Let i be v(8). What is n(i)?
-9
Let h be (-265)/212*(-1)/((-2)/(-8)). Suppose -2*r - r = h*r. Let p(v) = -v**3 - v - 18. What is p(r)?
-18
Let u(k) = k**3 - 2*k**2 - 2*k + 3. Let c be u(0). Let y(x) = 11*x - 15*x - 7 + c*x. Give y(-9).
2
Let f(y) = 112*y - 65. Let t(v) = -32*v + 3. Let l(w) = f(w) + 3*t(w). Calculate l(5).
24
Let m(r) = -57*r - 457. Let u be (-3)/(-6) - (-680)/(-80). What is m(u)?
-1
Let y(i) be the third derivative of 3*i**4/8 + 3*i**3 - 1794*i**2 + 2*i. What is y(-5)?
-27
Let c(d) = -d**2 - d. Let i be (-2)/16 - (-3 + 171/(-24)). Suppose 0 = -2*a - i + 2. Determine c(a).
-12
Let k(y) = y + 5. Let i be k(0). Let b(x) be the second derivative of 1/12*x**4 + 0*x**2 + 3*x - 1/2*x**3 + 2. Calculate b(i).
10
Let t(m) = -5*m**2 - 11*m - 9. Suppose 30 + 46 = -107*y - 31. Give t(y).
-3
Let i(t) = -107 - 31*t + 65 + 84 + 62 - t**2. Determine i(-34).
2
Let y(z) = z**2 + 53. Let r(k) = 4*k**2 - 28*k + 124. Let u(p) = -r(p) + 2*y(p). Determine u(14).
-18
Let m(c) = -27*c - 4. Let l(u) = -76*u - 13. Let j(q) = 6*l(q) - 17*m(q). Give j(9).
17
Let k(p) = 10*p - 2. Suppose 0 = 28*f - 44*f - 32. Let h(s) = -16*s + 3. Let x(l) = f*h(l) - 3*k(l). Determine x(6).
12
Let s(o) = -17*o**2 + 4*o + 126. Let b(m) = 27*m**2 - 4*m - 191. Let a(z) = -5*b(z) - 8*s(z). Calculate a(15).
-8
Let s(z) = -11*z**3 - 16*z**2 - 7*z + 38. Let p(j) = 9*j**3 + 15*j**2 + 8*j - 36. Let g(n) = -6*p(n) - 5*s(n). Determine g(11).
4
Let x(o) = 50*o - 17*o + 6 - 30*o - 9 + 32*o**3. Calculate x(1).
32
Let v = -3357 - -3368. Let z(c) = -c**2 + 13*c - 13. Give z(v).
9
Let w(y) = -y - 1. Suppose 5*g + 15*g - 80 = 0. Let s(j) be the second derivative of j**4/12 - 7*j**3/6 + 5*j**2 + j. Let d be s(g). Determine w(d).
1
Let g(o) = 34*o**2 + 2*o + 1. Let c(b) = -168*b**2 - 11*b - 5. Let w(r) = -2*c(r) - 11*g(r). Calculate w(1).
-39
Let k be ((-9)/(-12)*-3)/((-834)/(-120) - 7). Let v(y) = -y**3 + 44*y**2 + 45*y + 17. Determine v(k).
17
Let g(d) = 6*d + 1. Let b = 44 + -24. Suppose -62*c - b = -66*c. Let v(y) = y. Let f(t) = c*v(t) - g(t). Give f(-1).
0
Let h be 3624/40 - 6/10. Let i = h + -92. Let k(v) = 2*v**2 - 2 - 3*v + 5*v + 0*v + 0. Determine k(i).
2
Let f(s) = 3*s - 4. Let i be (1/(-1))/((-7)/(-21)). Let c(r) = 3*r - 5. Let d(q) = i*c(q) + 4*f(q). Let z(a) = -2*a + 23. Let y be z(11). Calculate d(y).
2
Suppose 28*t - 486 = 109*t. Let g(s) = -s**3 - 5*s**2 + 4*s. Determine g(t).
12
Let k(i) = -24*i + 122. Suppose -539 + 374 = -33*l. What is k(l)?
2
Suppose 0 = 6*q + 3*q - 54. Let y(k) = -20 - k**3 - 25 - q*k**2 - 3*k + 51. Determine y(-5).
-4
Let o(c) be the third derivative of c**4/12 + 5*c**3/2 + c**2. Let x = -201009 - -201001. Give o(x).
-1
Let p(c) = 6*c - 13*c - 2 - 4 - 3*c**2 - c**2 + 5*c**2. Let q(w) = -w**2 + 9*w + 9. Let f(z) = 7*p(z) + 5*q(z). What is f(2)?
3
Let w(i) = i**2 + 20783*i - 436878. Let s be w(21). Let z(m) be the second derivative of -m**4/12 + 4*m**3/3 - 9*m**2/2 - m. Calculate z(s).
3
Let b be (5 - (-6)/(-24)*16 - 2) + -8. Let p(c) = -c**3 - 12*c**2 - 25*c + 13. Give p(b).
-5
Let l(x) be the third derivative of x**5/120 + x**4/12 + 28*x**3/3 + 2*x**2 + 5*x. Let w(i) be the first derivative of l(i). Determine w(-9).
-7
Let u(s) be the first derivative of -s**2/2 - 8*s - 3. Let p be 62/(-8)*8/(-2). Suppose 12*v + p = -41. What is u(v)?
-2
Suppose -11*z + 96 = -1565. Let t(p) = -10 + z*p**2 - 150*p**2 - 5*p + 0*p. Determine t(7).
4
Let w be 16/(-72) + (-47)/(-9). Let o(h) = -2*h + 13. Let l be o(w). Suppose 0*v + 2*v = -4, -l*v = 3*j. Let z(m) = m**3 - 2*m**2 + m. Determine z(j).
2
Let t(v) = 9*v + 375 + v**2 - 4*v - 195 - 190. Let q(c) = c**3 - 2*c - 7. Let a be q(0). What is t(a)?
4
Let f(n) = n**2 - 225*n - 30 + 223*n + 11 + 15 - 10*n**3. Calculate f(-1).
9
Suppose 40*j - 8*j + 13*j - 720 = 0. Let b(m) = 13*m - 209. Calculate b(j).
-1
Let h(a) = -14*a**2 + 3*a + 1. Suppose 4*r - q = -2, 2*r - 14 = -2*q + 5*q. Determine h(r).
-61
Let f be (-64)/(-10)*(-15 + 490/28). Let z(o) = o - 9. Give z(f).
7
Let r(j) = -71*j**2 - 4*j - 41. Let f(v) = -25*v**2 - 2*v - 14. Let o(m) = -17*f(m) + 6*r(m). Calculate o(6).
16
Let y be 810/36*40/45*3/4. Let u(n) = 23*n - 320. Calculate u(y).
25
Let i(p) = -52*p**3 + 3*p**2 - 2. Suppose 5*s - 2*d + 7 = 0, 71*d - 74*d + 3 = 0. Calculate i(s).
53
Let m(i) = i**2 - 8*i - 10. Let w = -195 + 195. Suppose w = 3*g + 240 - 264. Calculate m(g).
-10
Suppose -5*s + f - 37 = -2*f, 2*s - f = -15. Let v be 4/s*62 + 0 + 3. Let b be (10/14 - 1) + (-176)/v. Let i(u) = -u + 8. Calculate i(b).
2
Let s(l) = 12*l + 10. Suppose -52*f - u = -49*f + 9, u + 6 = 0. Determine s(f).
-2
Let x(l) = -2*l**2 - 57*l - 41. Let r(d) = 3*d**2 + 98*d + 68. Let b(v) = 7*r(v) + 12*x(v). Calculate b(0).
-16
Let a = 16 - 16. Let p(t) = 6*t - 2. Let x(j) = -j + 1. Let z(l) = p(l) + 5*x(l). What is z(a)?
3
Let w = -443 + 442. Let x(p) = -6*p**3 - 1 